21 = -i*m, 1156 = k - 5*m. List the prime factors of k.
3, 43
Suppose 2*v - m = -124, v + 65 + 15 = -4*m. Let n = 94 + v. What are the prime factors of (-1 - -1) + n + -1?
29
Suppose 14*f - 2*d - 101427 = 11*f, 0 = 2*f + 3*d - 67605. What are the prime factors of f?
3, 59, 191
Let h = 236 + -167. Let l = h - 206. Let y = -30 - l. What are the prime factors of y?
107
Let p = 7200 + -4257. List the prime factors of p.
3, 109
Let y(l) = 2*l**3 - l**2 - 9*l + 7. Let g be y(-5). Let w = 376 + g. List the prime factors of w.
3, 17
Suppose -165699 = -88*u + 403502 + 565647. What are the prime factors of u?
2, 13, 31
Let g(q) = q**2 - q + 5. Let w be g(0). Suppose w*h + i + 31 = 0, -i = -5*h + i - 28. List the prime factors of 15/h*(3 + -51).
2, 3, 5
Let p(o) = -12*o**2 + 7. Let w(k) = -13*k**2 + 6. Let r(n) = 5*p(n) - 6*w(n). List the prime factors of r(3).
7, 23
Let k(i) = 9*i - 160. Let d be k(22). Suppose -48*q = -d*q - 870. What are the prime factors of q?
3, 29
Suppose 6*y = 12, 46*n - 50*n - 2*y = -20768. List the prime factors of n.
29, 179
Let l = -970 - 128. Let a = l + 1745. List the prime factors of a.
647
Let t = 25769 - 9906. What are the prime factors of t?
29, 547
Suppose 9 = -4*x + 21. Suppose -2*w - 2972 = -q, -q - 5505 = x*w - 1052. What are the prime factors of w/(-60) - 1/(-4)?
5
Let w = 75075 - 44825. List the prime factors of w.
2, 5, 11
Let x = 304 + -80. Suppose -a + 0*a = -5*w + x, w - 60 = 4*a. Suppose w*n - 42*n - 160 = 0. List the prime factors of n.
2, 5
Suppose -136*m + 141*m = 25. Suppose m*p = -4*n - n + 720, -5*n + 708 = -p. What are the prime factors of n?
2, 71
Suppose 4*c = 133*k - 136*k + 77664, 3*c - 129451 = -5*k. List the prime factors of k.
2, 6473
Let w(o) = 9420*o**2 - 102*o + 4. List the prime factors of w(-1).
2, 11, 433
Let x(w) = w**3 + 2*w**2 + w - 103. Let b be x(0). Let k = b - -237. Suppose 3*p - 200 = -2*d, -2*p + k = d + d. List the prime factors of p.
2, 3, 11
Let b(f) = -9*f - 3. Let l be b(-1). Suppose 3*i - l*i - 389 = -2*r, 3*r - 589 = -i. List the prime factors of r.
2, 7
Let v = 55440 - 29854. List the prime factors of v.
2, 11, 1163
Let d = -23 - -45. Suppose -4*k + d = 18. Let h(s) = 10*s**2 - 3*s + 1. List the prime factors of h(k).
2
Suppose 0 = 2*c - 51 + 55, 0 = -5*w - 5*c. Suppose w*t - 348 - 635 = -y, 0 = -y + 4*t + 1007. What are the prime factors of y?
991
Let s(k) = 103*k - 4. Let x = -28 - -30. Let p be s(x). Suppose -7*r + 22 + p = 0. List the prime factors of r.
2
Suppose -121*h = -43*h - 1078428. List the prime factors of h.
2, 31, 223
Suppose 2*g = -3*s - 7, 0 + 1 = 4*g + s. List the prime factors of (-3 - g - (0 - -244))/(-2).
2, 31
Let r be (-6)/(-27)*12*(-6)/(-8). Let a(c) = 3*c**3 - 3*c**2 + c + 4. Let f be a(r). Suppose -102 - f = -4*m. What are the prime factors of m?
2, 3, 5
Suppose 4*y = 2*y - 150. Let i = -48 - y. Suppose -441 = -6*l - i. List the prime factors of l.
3, 23
Let f be -1*(-165)/6*(-36)/(-15). Let y be (-9)/2*28/(-2). Let w = f + y. What are the prime factors of w?
3, 43
Suppose 1196 - 9629 = -3*h. What are the prime factors of h?
3, 937
Suppose 6*j - 5*j + 1 = 0, -4*v + 4*j = 24. Let l be -2*(-95)/35 + (-4)/v. Suppose 764 = -l*z + 2258. List the prime factors of z.
3, 83
Let x = -2622 - -3968. Let u = x + -707. List the prime factors of u.
3, 71
Let l be 192/3 + 1/(-1). Let g = 241 + -210. Let c = l + g. What are the prime factors of c?
2, 47
Let k be 14/10 - (-4532)/20. Let f = k + -202. List the prime factors of f.
2, 13
Let s(v) = 211*v**2 - 17*v - 33. Let c be (2 + (-3 - -5))/(-2). List the prime factors of s(c).
5, 13
Let s = 3 - 1. Suppose -5*b - 20 = 0, -2*u - u - s*b - 20 = 0. Let v = 19 + u. List the prime factors of v.
3, 5
Let o = 9047 - 5019. What are the prime factors of o?
2, 19, 53
Suppose -124*b + 632574 = -165242. What are the prime factors of b?
2, 3217
What are the prime factors of 716/(15 + (-7104)/474)?
2, 79, 179
Let f = -7285 + 42090. List the prime factors of f.
5, 6961
Suppose 5*c = -75 + 185. Suppose 3*w + 4199 = c*w. List the prime factors of w.
13, 17
Let m = 11 + -6. Suppose -37*p + 15*p + 88 = 0. What are the prime factors of (6/m)/(p/70)?
3, 7
Suppose 5*x = -3*p + 62 + 20, -2*x + p = -35. Suppose -x*t = -14*t. Suppose 3*m - 349 = -3*s - 67, -4*m - 5*s + 372 = t. What are the prime factors of m?
2, 7
Let j = -188 - -108. Let o = j + 91. What are the prime factors of -4 - (2/o - 90/11)?
2
Let b = -28 - -19. Let m(l) = -23*l - 60. Let y(u) = 16*u + 40. Let p(q) = 5*m(q) + 7*y(q). What are the prime factors of p(b)?
7
Suppose -4*w + 5*h - 584 = 0, -4*w - h = w + 759. Let j = w + 404. List the prime factors of j.
11, 23
Suppose 0 = 104*m - 109*m. Suppose -9*v + 14*v - 2855 = m. What are the prime factors of v?
571
Let v = 6777 - 3481. List the prime factors of v.
2, 103
Suppose 2*t = -6*t + 17*t - 37035. List the prime factors of t.
5, 823
Let a be (-3)/(0 - -3 - 4). Suppose -a*n + 775 = 271. List the prime factors of n.
2, 3, 7
Suppose 20*x + 587989 = -74211. List the prime factors of (2/(-2))/((-7)/x*-5).
2, 11, 43
What are the prime factors of ((-74088)/(-540))/(2/15)?
3, 7
Let s(n) = 31*n**3 - 17*n**2 - 47*n - 6. List the prime factors of s(7).
3, 5, 631
Suppose -f + r + 10 = 4*r, 3*r = -5*f + 2. Let q be f/(-3 + 7/(14/4)). Suppose -127 = -5*x + q*x + 2*d, 65 = x + 5*d. What are the prime factors of x?
3, 5
What are the prime factors of 1/2*13434/(-3)*-1?
2239
Suppose -g + 5*g + g = 0. Let r be g - (12/4 + -3). Suppose -5*u - 2*t + 339 = r, -63 = -5*u + 4*u - 2*t. List the prime factors of u.
3, 23
Suppose -d = 3*n - 3095, -4*n = -2*d - 2*d + 12396. List the prime factors of d.
2, 1549
List the prime factors of -4 + 50385860/3973 + 4/(-58).
2, 3, 2113
Suppose 4*s - 44012 = -9*n + 4*n, 2*n = -2*s + 17606. List the prime factors of n.
2, 5, 11
Let m(d) = -49*d + 53. Let a(b) = 47*b - 56. Let w(q) = 5*a(q) + 6*m(q). List the prime factors of w(-4).
2, 137
Suppose 10 = 2*s + 5*z, -5*s + 3*z + 34 - 9 = 0. Suppose 4 = 6*m - 5*m, 1136 = s*t - m. What are the prime factors of t?
2, 3, 19
Suppose 180*w - 4419058 = 47*w. What are the prime factors of w?
2, 37, 449
Suppose 0 = -6*g - 548 + 4058. Let i = g - 88. List the prime factors of i.
7, 71
Let y(z) = z**3 + 24*z**2 - 30*z + 11. Let i be y(-22). List the prime factors of i/(-22)*(-3 - -1).
149
Let t be 3 + 29 + 4 + -4. Let r = t - 32. Suppose r = 7*z + 3*z - 1020. What are the prime factors of z?
2, 3, 17
Suppose -3*k - 2*q = -40119, -324*k = -321*k - q - 40101. What are the prime factors of k?
29, 461
Suppose 6*w + 18383 = 13*w - 45870. List the prime factors of w.
67, 137
Suppose -1804*l - 2*k - 288166 = -1808*l, l - 72014 = -5*k. What are the prime factors of l?
3, 11, 37, 59
Let j(w) = 2*w**3 + 9*w**2 - 5*w + 7. Let r be j(5). List the prime factors of (-3)/9 + r/3.
2, 19
Let z = -1706 + 1015. Let x = z - -990. List the prime factors of x.
13, 23
Let m(n) = -2*n**3 + 50*n**2 - 2*n + 53. Let r be m(25). Suppose -4*b = -222 - 166. Suppose r*v - b = 2*v. What are the prime factors of v?
97
Let p(w) = 1218*w**3 + 13*w**2 + 4*w + 7. What are the prime factors of p(3)?
2, 11, 19, 79
Let c(f) = 25*f + 33. Let w(n) = 75*n + 101. Let q(d) = 11*c(d) - 4*w(d). List the prime factors of q(-7).
2, 67
Suppose -16040 = -5*j - 5*u, 6256 + 9757 = 5*j - 4*u. List the prime factors of j.
5, 641
Let m(i) = i + 5. Let q be m(0). Suppose 5*t - 8 = -n + q, 2*n - 8 = -4*t. List the prime factors of 136 - ((-12)/(-8) - t)*-2.
7, 19
Let u = -11 + 49. Let i = -36 + u. Suppose i*r + 62 = 190. What are the prime factors of r?
2
Let x(n) = -16*n**3 - n**2 - n - 1. Let j be x(-1). Let u be 2/4 - j/(-20)*6. Suppose 3*v - 593 = -u*h + 5*v, -h - v + 113 = 0. What are the prime factors of h?
3, 13
Suppose 5*q + 3*o = -2961 - 2351, 0 = 2*o - 2. Let h = q - -1799. What are the prime factors of h?
2, 23
Let t = -416 - -720. Suppose 85 = 2*r - 4*h - 123, 2*h + t = 3*r. List the prime factors of r.
2, 5
Let j(g) = -55*g + 2*g**2 + 21*g + 0*g + 6 + 8*g. What are the prime factors of j(-9)?
2, 3, 67
Let t = -13 + 31. Let b = 20 - t. Suppose -5*m - r + 121 = -b*m, -173 = -4*m + r. List the prime factors of m.
2, 3, 7
Let j(d) = -13*d - 165*d**3 + d + 164*d**3 + 8 - 8*d**2. Let i be j(-6). Suppose 419 + 61 = i*l. 